{"id":72,"date":"2021-01-21T03:01:18","date_gmt":"2021-01-21T02:01:18","guid":{"rendered":"http:\/\/sierpcpiw.eu\/?page_id=72"},"modified":"2025-05-14T06:24:46","modified_gmt":"2025-05-14T04:24:46","slug":"kontakt","status":"publish","type":"page","link":"https:\/\/sierpcpiw.eu\/index.php\/kontakt\/","title":{"rendered":"Struktura Organizacyjna"},"content":{"rendered":"\t\t<div data-elementor-type=\"wp-page\" data-elementor-id=\"72\" class=\"elementor elementor-72\">\n\t\t\t\t\t\t<div class=\"elementor-inner\">\n\t\t\t\t<div class=\"elementor-section-wrap\">\n\t\t\t\t\t\t\t\t\t<section class=\"elementor-section elementor-top-section elementor-element elementor-element-9608e5d elementor-section-boxed elementor-section-height-default elementor-section-height-default\" data-id=\"9608e5d\" data-element_type=\"section\">\n\t\t\t\t\t\t<div class=\"elementor-container elementor-column-gap-default\">\n\t\t\t\t\t\t\t<div class=\"elementor-row\">\n\t\t\t\t\t<div class=\"elementor-column elementor-col-100 elementor-top-column elementor-element elementor-element-2938e9e\" data-id=\"2938e9e\" data-element_type=\"column\">\n\t\t\t<div class=\"elementor-column-wrap elementor-element-populated\">\n\t\t\t\t\t\t\t<div class=\"elementor-widget-wrap\">\n\t\t\t\t\t\t<div class=\"elementor-element elementor-element-ecdf4d2 elementor-widget elementor-widget-text-editor\" data-id=\"ecdf4d2\" data-element_type=\"widget\" data-widget_type=\"text-editor.default\">\n\t\t\t\t<div class=\"elementor-widget-container\">\n\t\t\t\t\t\t\t\t<div class=\"elementor-text-editor elementor-clearfix\">\n\t\t\t\t<h1 align=\"center\"><strong><span style=\"font-family: Times New Roman, serif;\">POWIATOWY INSPEKTORAT WETERYNARII<\/span><\/strong><\/h1><h1 align=\"center\"><strong><span style=\"font-family: Times New Roman, serif;\">W SIERPCU<\/span><\/strong><\/h1><h1 align=\"center\"><strong><span style=\"font-family: Times New Roman, serif;\">ul.Konstytucji 3 maja 40A, 09-200 Sierpc<\/span><\/strong><\/h1><h1 align=\"center\"><strong><span style=\"font-family: Times New Roman, serif;\">tel.(24) 275 29 95, (24) 275 20 78, fax (24) 275 29 95 wew.13<\/span><\/strong><\/h1><h1 align=\"center\"><strong><span style=\"font-family: Times New Roman, serif;\">e-mail: piw@sierpcpiw.eu<\/span><\/strong><\/h1><h1 align=\"center\"><strong><span style=\"font-family: Times New Roman, serif;\">ePUAP: \/piwsierpc\/SkrytkaESP<\/span><\/strong><\/h1><h1 align=\"center\"><strong><span style=\"font-family: Times New Roman, serif;\">e-Dor\u0119czenia: AE:PL-18511-99501-UVICV-21<\/span><\/strong><\/h1><p><strong>POWIATOWY LEKARZ WETERYNARII<\/strong> <br \/>lek.wet.Zbigniew Zawalich<br \/>tel. (24) 275 29 95 wew.16<br \/>tel.kom. 601 916 466<br \/>(Parter )<\/p><p><strong>ZAST\u0118PCA POWIATOWEGO LEKARZA WETERYNARII<\/strong><br \/>lek.wet.Ilona Wi\u015bniewska<br \/>tel.kom. 607 581 131<br \/>(I Pi\u0119tro )<\/p><p><strong>ZESP\u00d3\u0141 DO SPRAW ZDROWIA I OCHRONY ZWIERZ\u0104T<\/strong><\/p><p>Starszy Inspektor weterynaryjny ds. zdrowia zwierz\u0105t i zwalczania chor\u00f3b zaka\u017anych zwierz\u0105t<br \/>lek.wet.Joanna Gr\u0105bczewska &#8211; M\u0105kal<br \/>tel.(24)275 29 95 wew.15<br \/>tel.kom. 531 931 176<br \/>(Parter )<\/p><p>Inspektor weterynaryjny ds. zdrowia i ochrony zwierz\u0105t <br \/>lek.wet.Ma\u0142gorzata Obr\u0119balska<br \/>tel.(24)275 29 95 wew.14<br \/>tel.kom. 739 261 548<br \/>(Parter)<\/p><p>Inspektor weterynaryjny ds. zdrowia zwierz\u0105t i zwalczania chor\u00f3b zaka\u017anych zwierz\u0105t<br \/>lek.wet.Andrzej Mortas<br \/>tel.(24)275 29 95 wew.15<br \/>tel.kom. 531 935 267<br \/>(Parter )<\/p><p>\u00a0<\/p><p>Starszy Inspektor weterynaryjny ds. zdrowia i ochrony zwierz\u0105t oraz wymog\u00f3w wzajemnej zgodno\u015bci<br \/>mgr in\u017c. Konrad Stasiak<br \/>tel.(24)275 29 95 wew.15<br \/>tel.kom. 730 841 425<br \/>(Parter )<\/p><p>Inspektor weterynaryjny ds. zdrowia i ochrony zwierz\u0105t <br \/>mgr in\u017c. Marzena Michalak<br \/>tel.(24)275 29 95 wew.14<br \/>tel.kom. 533 680 636<br \/>(Parter)<\/p><p>\u00a0<\/p><p>Inspektor weterynaryjny ds. zdrowia i ochrony zwierz\u0105t <br \/>mgr in\u017c. Marcin Olkuski<br \/>tel.(24)275 29 95 wew.14<br \/>tel.kom. 730 841 389<br \/>(Parter )<\/p><p><strong>ZESP\u00d3\u0141 DO SPRAW BEZPIECZE\u0143STWA \u017bYWNO\u015aCI, PASZ I UTYLIZACJI<\/strong><\/p><p>Starszy inspektor weterynaryjny ds.pasz i utylizacji<br \/>mgr in\u017c. Agnieszka P\u0119draszewska<br \/>tel.(24)275 29 95 wew.22<br \/>tel.kom. 783 995 102<br \/>(I Pi\u0119tro)<\/p><p>Inspektor weterynaryjny ds. bezpiecze\u0144stwa \u017cywno\u015bci<br \/>mgr in\u017c. Patrycja Krogulska<br \/>tel.(24)275 29 95 wew.22<br \/>tel.kom. 730 841 262<br \/>(I Pi\u0119tro )<\/p><p><strong>ZESP\u00d3\u0141 DO SPRAW FINANSOWO &#8211; KSI\u0118GOWYCH I ADMINISTRACJI<\/strong><\/p><p>G\u0142\u00f3wny Ksi\u0119gowy <br \/>mgr Agnieszka Ple\u015bniak<br \/>tel.kom. 531 599 840<br \/>(I Pi\u0119tro)<\/p><p>Starszy specjalista ds. finansowych<br \/>mgr Iwona W\u00f3jcik<br \/>tel.(24)275 29 95 wew.20<br \/>tel.kom. 730 841 623<br \/>(I Pi\u0119tro )<\/p><p>Starszy specjalista ds. finansowo &#8211; kadrowych<br \/>mgr Sylwia Komorowska<br \/>tel.(24)275 29 95 wew.20<br \/>tel.kom. 667 866 342<br \/>(I Pi\u0119tro )<\/p><p>Starszy specjalista ds.administracyjnych<br \/>Anna Jaworska<br \/>tel.(24)275 29 95 wew.12<br \/>tel.kom. 535 086 975<br \/>(Parter )<\/p><p>Informatyk<\/p><p>in\u017c. \u0141ukasz G\u0142owacki<br \/>tel.kom. 516 613 004<\/p><p><br \/><strong>INSPEKTOR OCHRONY DANYCH<\/strong> <br \/>Grzegorz Kobyli\u0144ski<br \/>e-mail:iod@piwsierpc.eu<\/p>\t\t\t\t\t<\/div>\n\t\t\t\t\t\t<\/div>\n\t\t\t\t<\/div>\n\t\t\t\t\t\t<\/div>\n\t\t\t\t\t<\/div>\n\t\t<\/div>\n\t\t\t\t\t\t\t\t<\/div>\n\t\t\t\t\t<\/div>\n\t\t<\/section>\n\t\t\t\t\t\t\t\t\t<\/div>\n\t\t\t<\/div>\n\t\t\t\t\t<\/div>\n\t\t","protected":false},"excerpt":{"rendered":"<p>POWIATOWY INSPEKTORAT WETERYNARII W SIERPCU ul.Konstytucji 3 maja 40A, 09-200 Sierpc tel.(24) 275 29 95, (24) 275 20 78, fax (24) 275 29 95 wew.13 e-mail: piw@sierpcpiw.eu ePUAP: \/piwsierpc\/SkrytkaESP e-Dor\u0119czenia: AE:PL-18511-99501-UVICV-21 POWIATOWY LEKARZ WETERYNARII lek.wet.Zbigniew Zawalichtel. (24) 275 29 95 wew.16tel.kom. 601 916 466(Parter ) ZAST\u0118PCA POWIATOWEGO LEKARZA WETERYNARIIlek.wet.Ilona Wi\u015bniewskatel.kom. 607 581 131(I Pi\u0119tro ) [&hellip;]<\/p>\n","protected":false},"author":1,"featured_media":0,"parent":0,"menu_order":0,"comment_status":"closed","ping_status":"closed","template":"","meta":{"footnotes":""},"class_list":["post-72","page","type-page","status-publish","hentry","post"],"_links":{"self":[{"href":"https:\/\/sierpcpiw.eu\/index.php\/wp-json\/wp\/v2\/pages\/72","targetHints":{"allow":["GET"]}}],"collection":[{"href":"https:\/\/sierpcpiw.eu\/index.php\/wp-json\/wp\/v2\/pages"}],"about":[{"href":"https:\/\/sierpcpiw.eu\/index.php\/wp-json\/wp\/v2\/types\/page"}],"author":[{"embeddable":true,"href":"https:\/\/sierpcpiw.eu\/index.php\/wp-json\/wp\/v2\/users\/1"}],"replies":[{"embeddable":true,"href":"https:\/\/sierpcpiw.eu\/index.php\/wp-json\/wp\/v2\/comments?post=72"}],"version-history":[{"count":54,"href":"https:\/\/sierpcpiw.eu\/index.php\/wp-json\/wp\/v2\/pages\/72\/revisions"}],"predecessor-version":[{"id":1744,"href":"https:\/\/sierpcpiw.eu\/index.php\/wp-json\/wp\/v2\/pages\/72\/revisions\/1744"}],"wp:attachment":[{"href":"https:\/\/sierpcpiw.eu\/index.php\/wp-json\/wp\/v2\/media?parent=72"}],"curies":[{"name":"wp","href":"https:\/\/api.w.org\/{rel}","templated":true}]}}